{"id":1327,"date":"2026-02-22T21:07:01","date_gmt":"2026-02-22T21:07:01","guid":{"rendered":"https:\/\/bmacademy.hu\/?page_id=1327"},"modified":"2026-03-14T14:44:56","modified_gmt":"2026-03-14T14:44:56","slug":"modeel-dog-course","status":"publish","type":"page","link":"https:\/\/bmacademy.hu\/index.php\/modeel-dog-course\/","title":{"rendered":"Model Dog Course"},"content":{"rendered":"\t\t<div data-elementor-type=\"wp-page\" data-elementor-id=\"1327\" class=\"elementor elementor-1327\">\n\t\t\t\t<div class=\"elementor-element elementor-element-94f4f09 e-con-full e-flex elementor-invisible e-con e-parent\" data-id=\"94f4f09\" data-element_type=\"container\" data-settings=\"{&quot;background_background&quot;:&quot;classic&quot;,&quot;animation&quot;:&quot;bounceIn&quot;}\">\n\t\t<div class=\"elementor-element elementor-element-44de3a3 e-flex e-con-boxed e-con e-child\" data-id=\"44de3a3\" data-element_type=\"container\">\n\t\t\t\t\t<div class=\"e-con-inner\">\n\t\t\t\t<div class=\"elementor-element elementor-element-ac7c887 elementor-widget__width-inherit elementor-widget-mobile__width-inherit elementor-widget elementor-widget-heading\" data-id=\"ac7c887\" data-element_type=\"widget\" data-widget_type=\"heading.default\">\n\t\t\t\t\t<h2 class=\"elementor-heading-title elementor-size-default\">MODEL DOG COURSE<\/h2>\t\t\t\t<\/div>\n\t\t\t\t\t<\/div>\n\t\t\t\t<\/div>\n\t\t\t\t<\/div>\n\t\t<div class=\"elementor-element elementor-element-d12fbee e-flex e-con-boxed elementor-invisible e-con e-parent\" data-id=\"d12fbee\" data-element_type=\"container\" data-settings=\"{&quot;background_background&quot;:&quot;classic&quot;,&quot;animation&quot;:&quot;bounceIn&quot;}\">\n\t\t\t\t\t<div class=\"e-con-inner\">\n\t\t\t\t<div class=\"elementor-element elementor-element-597b642 elementor-invisible elementor-widget elementor-widget-text-editor\" data-id=\"597b642\" data-element_type=\"widget\" data-settings=\"{&quot;_animation&quot;:&quot;zoomIn&quot;}\" data-widget_type=\"text-editor.default\">\n\t\t\t\t\t\t\t\t\t<p><strong>Id\u0151tartam: 2 nap<\/strong><\/p><p>A virtu\u00e1lis modell kutya egy \u00faj \u00e9s m\u00e1ra elengedhetetlen gyakorlati oktat\u00e1si m\u00f3dszer a modern kutyakozmetika vil\u00e1g\u00e1ban. A professzion\u00e1lis nemzetk\u00f6zi akad\u00e9mi\u00e1kon m\u00e1r alap eszk\u00f6znek sz\u00e1m\u00edt, hiszen t\u00f6k\u00e9letes gyakorl\u00e1si lehet\u0151s\u00e9get biztos\u00edt az oll\u00f3z\u00e1si technik\u00e1k elsaj\u00e1t\u00edt\u00e1s\u00e1hoz \u00e9s t\u00f6k\u00e9letes\u00edt\u00e9s\u00e9hez.<\/p>\t\t\t\t\t\t\t\t<\/div>\n\t\t\t\t\t<\/div>\n\t\t\t\t<\/div>\n\t\t<div class=\"elementor-element elementor-element-54bc8af e-flex e-con-boxed e-con e-parent\" data-id=\"54bc8af\" data-element_type=\"container\" data-settings=\"{&quot;background_background&quot;:&quot;classic&quot;}\">\n\t\t\t\t\t<div class=\"e-con-inner\">\n\t\t<div class=\"elementor-element elementor-element-2419a96 e-con-full e-flex e-con e-child\" data-id=\"2419a96\" data-element_type=\"container\">\n\t\t<div class=\"elementor-element elementor-element-57449a6 e-con-full e-flex e-con e-child\" data-id=\"57449a6\" data-element_type=\"container\">\n\t\t<div class=\"elementor-element elementor-element-9c18d4d e-con-full e-flex e-con e-child\" data-id=\"9c18d4d\" data-element_type=\"container\">\n\t\t\t\t<div class=\"elementor-element elementor-element-26c411d elementor-invisible elementor-widget elementor-widget-heading\" data-id=\"26c411d\" data-element_type=\"widget\" data-settings=\"{&quot;_animation&quot;:&quot;zoomIn&quot;}\" data-widget_type=\"heading.default\">\n\t\t\t\t\t<h5 class=\"elementor-heading-title elementor-size-default\">A virtu\u00e1lis modellen t\u00f6rt\u00e9n\u0151 munka lehet\u0151v\u00e9 teszi:<\/h5>\t\t\t\t<\/div>\n\t\t\t\t<\/div>\n\t\t\t\t<div class=\"elementor-element elementor-element-ec21d4d elementor-invisible elementor-widget elementor-widget-text-editor\" data-id=\"ec21d4d\" data-element_type=\"widget\" data-settings=\"{&quot;_animation&quot;:&quot;zoomIn&quot;}\" data-widget_type=\"text-editor.default\">\n\t\t\t\t\t\t\t\t\t<div id=\":13j\" class=\"ii gt\"><div id=\":13k\" class=\"a3s aiL\"><div id=\"avWBGd-352\"><p><img decoding=\"async\" class=\"an1\" draggable=\"false\" src=\"https:\/\/fonts.gstatic.com\/s\/e\/notoemoji\/16.0\/2714_fe0f\/72.png\" alt=\"\u2714\ufe0f\" width=\"28\" height=\"28\" data-emoji=\"\u2714\ufe0f\" aria-label=\"\u2714\ufe0f\" \/>a prec\u00edz fel\u00fcletny\u00edr\u00e1st\u00a0<\/p><p><img decoding=\"async\" class=\"an1\" draggable=\"false\" src=\"https:\/\/fonts.gstatic.com\/s\/e\/notoemoji\/16.0\/2714_fe0f\/72.png\" alt=\"\u2714\ufe0f\" width=\"28\" height=\"28\" data-emoji=\"\u2714\ufe0f\" aria-label=\"\u2714\ufe0f\" \/>\u00a0a szimmetria \u00e9s ar\u00e1nyok gyakorl\u00e1s\u00e1t<\/p><p><img decoding=\"async\" class=\"an1\" draggable=\"false\" src=\"https:\/\/fonts.gstatic.com\/s\/e\/notoemoji\/16.0\/2714_fe0f\/72.png\" alt=\"\u2714\ufe0f\" width=\"28\" height=\"28\" data-emoji=\"\u2714\ufe0f\" aria-label=\"\u2714\ufe0f\" \/>\u00a0a tiszta vonalvezet\u00e9st<\/p><p><img decoding=\"async\" class=\"an1\" draggable=\"false\" src=\"https:\/\/fonts.gstatic.com\/s\/e\/notoemoji\/16.0\/2714_fe0f\/72.png\" alt=\"\u2714\ufe0f\" width=\"28\" height=\"28\" data-emoji=\"\u2714\ufe0f\" aria-label=\"\u2714\ufe0f\" \/>\u00a0a magabiztos oll\u00f3kezel\u00e9st<\/p><\/div><\/div><\/div>\t\t\t\t\t\t\t\t<\/div>\n\t\t<div class=\"elementor-element elementor-element-8e6570b e-con-full e-flex e-con e-child\" data-id=\"8e6570b\" data-element_type=\"container\">\n\t\t\t\t<div class=\"elementor-element elementor-element-df0524d elementor-invisible elementor-widget elementor-widget-text-editor\" data-id=\"df0524d\" data-element_type=\"widget\" data-settings=\"{&quot;_animation&quot;:&quot;zoomIn&quot;}\" data-widget_type=\"text-editor.default\">\n\t\t\t\t\t\t\t\t\t<p>Emellett a virtu\u00e1lis modell kutya egy rendk\u00edv\u00fcl n\u00e9pszer\u0171 kateg\u00f3ria a kutyakozmetikus versenyeken is, ahol a kutyakozmetikus szabadon ki\u00e9lheti kreativit\u00e1s\u00e1t, k\u00fcl\u00f6nleges form\u00e1kat, st\u00edlusokat \u00e9s egyedi megjelen\u00e9seket sz\u00ednez\u00e9ssel alkotva.<\/p><p>Ez a m\u00f3dszer stresszmentes, biztons\u00e1gos \u00e9s m\u00e9gis maxim\u00e1lisan profi m\u00f3dja a fejl\u0151d\u00e9snek, kezd\u0151knek \u00e9s halad\u00f3knak egyar\u00e1nt.<\/p><p>\u00a0<\/p><p>A BM International Grooming Academy k\u00e9pz\u00e9sein a virtu\u00e1lis modell kutya kiemelt szerepet kap, mint a modern, nemzetk\u00f6zi sz\u00ednvonal\u00fa oktat\u00e1s alapja. Magyarorsz\u00e1gon els\u0151k\u00e9nt az akad\u00e9mi\u00e1nkon<\/p><p><strong>Oktat\u00f3: Megyesi beatrix<\/strong><\/p>\t\t\t\t\t\t\t\t<\/div>\n\t\t\t\t<\/div>\n\t\t\t\t<\/div>\n\t\t\t\t<\/div>\n\t\t<div class=\"elementor-element elementor-element-1e1c187 e-con-full e-flex elementor-invisible e-con e-child\" data-id=\"1e1c187\" data-element_type=\"container\" data-settings=\"{&quot;animation&quot;:&quot;bounceIn&quot;}\">\n\t\t\t\t<div class=\"elementor-element elementor-element-cc93d15 elementor-invisible elementor-widget elementor-widget-image\" data-id=\"cc93d15\" data-element_type=\"widget\" data-settings=\"{&quot;_animation&quot;:&quot;bounceInDown&quot;}\" data-widget_type=\"image.default\">\n\t\t\t\t\t\t\t\t\t\t\t\t\t\t\t<img decoding=\"async\" src=\"https:\/\/bmacademy.hu\/wp-content\/uploads\/elementor\/thumbs\/606040810_122115207441092054_2598050962098667252_n-rj3x0ovgyu93nhk29z7hk75sein8rig934aabef1iw.jpg\" title=\"606040810_122115207441092054_2598050962098667252_n\" alt=\"606040810_122115207441092054_2598050962098667252_n\" loading=\"lazy\" \/>\t\t\t\t\t\t\t\t\t\t\t\t\t\t\t<\/div>\n\t\t\t\t<\/div>\n\t\t\t\t\t<\/div>\n\t\t\t\t<\/div>\n\t\t<div class=\"elementor-element elementor-element-4539d6a e-flex e-con-boxed e-con e-parent\" data-id=\"4539d6a\" data-element_type=\"container\" data-settings=\"{&quot;background_background&quot;:&quot;classic&quot;}\">\n\t\t\t\t\t<div class=\"e-con-inner\">\n\t\t<div class=\"elementor-element elementor-element-ee87d5e e-con-full e-flex elementor-invisible e-con e-child\" data-id=\"ee87d5e\" data-element_type=\"container\" data-settings=\"{&quot;animation&quot;:&quot;bounceIn&quot;}\">\n\t\t\t\t<div class=\"elementor-element elementor-element-0508e22 elementor-invisible elementor-widget elementor-widget-heading\" data-id=\"0508e22\" data-element_type=\"widget\" data-settings=\"{&quot;_animation&quot;:&quot;zoomIn&quot;}\" data-widget_type=\"heading.default\">\n\t\t\t\t\t<h2 class=\"elementor-heading-title elementor-size-default\">Jelentkezz kurzusainkra!<\/h2>\t\t\t\t<\/div>\n\t\t\t\t<div class=\"elementor-element elementor-element-44cc117 elementor-widget__width-initial elementor-widget-mobile__width-initial elementor-invisible elementor-widget elementor-widget-shortcode\" data-id=\"44cc117\" data-element_type=\"widget\" data-settings=\"{&quot;_animation&quot;:&quot;zoomIn&quot;}\" data-widget_type=\"shortcode.default\">\n\t\t\t\t\t\t\t<div class=\"elementor-shortcode\"><div class=\"forminator-ui forminator-custom-form forminator-custom-form-572 forminator-design--default  forminator_ajax\" data-forminator-render=\"0\" data-form=\"forminator-module-572\" data-uid=\"6a08772f59088\"><br\/><\/div><form\n\t\t\t\tid=\"forminator-module-572\"\n\t\t\t\tclass=\"forminator-ui forminator-custom-form forminator-custom-form-572 forminator-design--default  forminator_ajax\"\n\t\t\t\tmethod=\"post\"\n\t\t\t\tdata-forminator-render=\"0\"\n\t\t\t\tdata-form-id=\"572\"\n\t\t\t\t data-color-option=\"theme\" data-design=\"default\" data-grid=\"open\" style=\"display: none;\"\n\t\t\t\tdata-uid=\"6a08772f59088\"\n\t\t\t><div role=\"alert\" aria-live=\"polite\" class=\"forminator-response-message forminator-error\" aria-hidden=\"true\"><\/div><div class=\"forminator-row\"><div id=\"name-1\" class=\"forminator-field-name forminator-col forminator-col-12 \"><div class=\"forminator-field\"><label for=\"forminator-field-name-1_6a08772f59088\" id=\"forminator-field-name-1_6a08772f59088-label\" class=\"forminator-label\">N\u00e9v <span class=\"forminator-required\">*<\/span><\/label><input type=\"text\" name=\"name-1\" value=\"\" placeholder=\"\" id=\"forminator-field-name-1_6a08772f59088\" class=\"forminator-input forminator-name--field\" aria-required=\"true\" autocomplete=\"name\" \/><\/div><\/div><\/div><div class=\"forminator-row\"><div id=\"email-1\" class=\"forminator-field-email forminator-col forminator-col-12 \"><div class=\"forminator-field\"><label for=\"forminator-field-email-1_6a08772f59088\" id=\"forminator-field-email-1_6a08772f59088-label\" class=\"forminator-label\">Email c\u00edm <span class=\"forminator-required\">*<\/span><\/label><input type=\"email\" name=\"email-1\" value=\"\" placeholder=\"\" id=\"forminator-field-email-1_6a08772f59088\" class=\"forminator-input forminator-email--field\" data-required=\"true\" aria-required=\"true\" autocomplete=\"email\" \/><\/div><\/div><\/div><div class=\"forminator-row\"><div id=\"select-1\" class=\"forminator-field-select forminator-col forminator-col-12 \"><div class=\"forminator-field\"><label for=\"forminator-form-572__field--select-1_6a08772f59088\" id=\"forminator-form-572__field--select-1_6a08772f59088-label\" class=\"forminator-label\">Kurzusok <span class=\"forminator-required\">*<\/span><\/label><select  id=\"forminator-form-572__field--select-1_6a08772f59088\" class=\"forminator-select--field forminator-select2 forminator-select2-multiple\" data-required=\"1\" name=\"select-1\" data-default-value=\"\" data-hidden-behavior=\"zero\" data-placeholder=\"V\u00e1lassz a kurzusaink k\u00f6z\u00fcl!\" data-search=\"false\" data-search-placeholder=\"V\u00e1lassz a kurzusaink k\u00f6z\u00fcl!\" data-checkbox=\"false\" data-allow-clear=\"false\" aria-labelledby=\"forminator-form-572__field--select-1_6a08772f59088-label\"><option value=\"\"  >V\u00e1lassz a kurzusaink k\u00f6z\u00fcl!<\/option><option value=\"one\"  data-calculation=\"0\">Pomeranian Grooming Coursse<\/option><option value=\"two\"  data-calculation=\"0\">Poodle Show Grooming Course<\/option><option value=\"Asian-Style-Course\"  data-calculation=\"0\">Asian Style Course<\/option><option value=\"Model-Dog-Course\"  data-calculation=\"0\">Model Dog Course<\/option><option value=\"Creative-Coloring-Course\"  data-calculation=\"0\">Creative Coloring Course<\/option><option value=\"14-napos-kutyakozmetikus\"  data-calculation=\"0\">14 napos kutyakozmetikus k\u00e9pz\u00e9s<\/option><option value=\"Luxus-Dog-Spa\"  data-calculation=\"0\">Luxus Dog Spa Course<\/option><option value=\"Kutyakozmetikus-Asszisztens\"  data-calculation=\"0\">Kutyakozmetikus asszisztens<\/option><\/select><\/div><\/div><\/div><div class=\"forminator-row\"><div id=\"phone-1\" class=\"forminator-field-phone forminator-col forminator-col-12 \"><div class=\"forminator-field\"><label for=\"forminator-field-phone-1_6a08772f59088\" id=\"forminator-field-phone-1_6a08772f59088-label\" class=\"forminator-label\">Telefonsz\u00e1m <span class=\"forminator-required\">*<\/span><\/label><input type=\"text\" name=\"phone-1\" value=\"\" placeholder=\"\" id=\"forminator-field-phone-1_6a08772f59088\" class=\"forminator-input forminator-field--phone\" data-required=\"1\" aria-required=\"true\" autocomplete=\"off\" \/><\/div><\/div><\/div><div class=\"forminator-row\"><div id=\"consent-1\" class=\"forminator-field-consent forminator-col forminator-col-12 \"><div class=\"forminator-field\"><label for=\"forminator-field-consent-1_6a08772f59088\" id=\"forminator-field-consent-1_6a08772f59088-label\" class=\"forminator-label\">\u00c9rdekel a k\u00e9pz\u00e9s, szeretn\u00e9k t\u00f6bb r\u00e9szletet megtudni. <span class=\"forminator-required\">*<\/span><\/label><div class=\"forminator-checkbox__wrapper\"><label id=\"forminator-field-consent-1_6a08772f59088__label\" class=\"forminator-checkbox forminator-consent\" aria-labelledby=\"forminator-field-consent-1_6a08772f59088-label\"><input type=\"checkbox\" name=\"consent-1\" id=\"forminator-field-consent-1_6a08772f59088\" value=\"checked\" aria-labelledby=\"forminator-field-consent-1_6a08772f59088-label\" data-required=\"true\" aria-required=\"true\" \/><span class=\"forminator-checkbox-box\" aria-hidden=\"true\"><\/span><\/label><div id=\"forminator-field-consent-1_6a08772f59088__description\" class=\"forminator-checkbox__label forminator-consent__label\"><\/div><\/div><\/div><\/div><\/div><input type=\"hidden\" name=\"referer_url\" value=\"\" \/><div class=\"forminator-row forminator-row-last\"><div class=\"forminator-col\"><div class=\"forminator-field\"><button class=\"forminator-button forminator-button-submit\">K&uuml;ld&eacute;s<\/button><\/div><\/div><\/div><input type=\"hidden\" id=\"forminator_nonce\" name=\"forminator_nonce\" value=\"29da4e7343\" \/><input type=\"hidden\" name=\"_wp_http_referer\" value=\"\/index.php\/wp-json\/wp\/v2\/pages\/1327\" \/><input type=\"hidden\" name=\"form_id\" value=\"572\"><input type=\"hidden\" name=\"page_id\" value=\"1327\"><input type=\"hidden\" name=\"form_type\" value=\"default\"><input type=\"hidden\" name=\"current_url\" value=\"https:\/\/bmacademy.hu\/index.php\/modeel-dog-course\/\"><input type=\"hidden\" name=\"render_id\" value=\"0\"><input type=\"hidden\" name=\"action\" value=\"forminator_submit_form_custom-forms\"><\/form><\/div>\n\t\t\t\t\t\t<\/div>\n\t\t\t\t<\/div>\n\t\t<div class=\"elementor-element elementor-element-e5b6d74 e-con-full e-flex e-con e-child\" data-id=\"e5b6d74\" data-element_type=\"container\">\n\t\t<div class=\"elementor-element elementor-element-bb03745 e-con-full e-flex elementor-invisible e-con e-child\" data-id=\"bb03745\" data-element_type=\"container\" data-settings=\"{&quot;animation&quot;:&quot;bounceIn&quot;}\">\n\t\t<div class=\"elementor-element elementor-element-97d155b e-con-full e-flex elementor-invisible e-con e-child\" data-id=\"97d155b\" data-element_type=\"container\" data-settings=\"{&quot;background_background&quot;:&quot;classic&quot;,&quot;animation&quot;:&quot;bounceInDown&quot;}\">\n\t\t<div class=\"elementor-element elementor-element-069c6c4 e-con-full e-flex e-con e-child\" data-id=\"069c6c4\" data-element_type=\"container\">\n\t\t\t\t<div class=\"elementor-element elementor-element-7bc3e60 elementor-widget elementor-widget-image\" data-id=\"7bc3e60\" data-element_type=\"widget\" data-widget_type=\"image.default\">\n\t\t\t\t\t\t\t\t\t\t\t\t\t\t\t<img fetchpriority=\"high\" decoding=\"async\" width=\"1024\" height=\"683\" src=\"https:\/\/bmacademy.hu\/wp-content\/uploads\/2026\/02\/Nevtelen-terv-5-1024x683.png\" class=\"attachment-large size-large wp-image-525\" alt=\"\" srcset=\"https:\/\/bmacademy.hu\/wp-content\/uploads\/2026\/02\/Nevtelen-terv-5-1024x683.png 1024w, https:\/\/bmacademy.hu\/wp-content\/uploads\/2026\/02\/Nevtelen-terv-5-300x200.png 300w, https:\/\/bmacademy.hu\/wp-content\/uploads\/2026\/02\/Nevtelen-terv-5-768x512.png 768w, https:\/\/bmacademy.hu\/wp-content\/uploads\/2026\/02\/Nevtelen-terv-5.png 1536w\" sizes=\"(max-width: 1024px) 100vw, 1024px\" \/>\t\t\t\t\t\t\t\t\t\t\t\t\t\t\t<\/div>\n\t\t\t\t<div class=\"elementor-element elementor-element-4ddbcba elementor-invisible elementor-widget elementor-widget-heading\" data-id=\"4ddbcba\" data-element_type=\"widget\" data-settings=\"{&quot;_animation&quot;:&quot;zoomIn&quot;}\" data-widget_type=\"heading.default\">\n\t\t\t\t\t<h2 class=\"elementor-heading-title elementor-size-default\">Tov\u00e1bbi kurzusaink<\/h2>\t\t\t\t<\/div>\n\t\t\t\t<div class=\"elementor-element elementor-element-873f66a elementor-align-center elementor-invisible elementor-widget elementor-widget-button\" data-id=\"873f66a\" data-element_type=\"widget\" data-settings=\"{&quot;_animation&quot;:&quot;zoomIn&quot;}\" data-widget_type=\"button.default\">\n\t\t\t\t\t\t\t\t\t\t<a class=\"elementor-button elementor-button-link elementor-size-sm\" href=\"https:\/\/bmacademy.hu\/index.php\/kurzusaink\/\">\n\t\t\t\t\t\t<span class=\"elementor-button-content-wrapper\">\n\t\t\t\t\t\t\t\t\t<span class=\"elementor-button-text\">Kurzusok megtekint\u00e9se<\/span>\n\t\t\t\t\t<\/span>\n\t\t\t\t\t<\/a>\n\t\t\t\t\t\t\t\t<\/div>\n\t\t\t\t<\/div>\n\t\t\t\t<\/div>\n\t\t\t\t<\/div>\n\t\t\t\t<\/div>\n\t\t\t\t\t<\/div>\n\t\t\t\t<\/div>\n\t\t\t\t<\/div>\n\t\t","protected":false},"excerpt":{"rendered":"<p>MODEL DOG COURSE Id\u0151tartam: 2 nap A virtu\u00e1lis modell kutya egy \u00faj \u00e9s m\u00e1ra elengedhetetlen gyakorlati oktat\u00e1si m\u00f3dszer a modern [&hellip;]<\/p>\n","protected":false},"author":1,"featured_media":0,"parent":0,"menu_order":0,"comment_status":"closed","ping_status":"closed","template":"","meta":{"site-sidebar-layout":"no-sidebar","site-content-layout":"","ast-site-content-layout":"full-width-container","site-content-style":"default","site-sidebar-style":"default","ast-global-header-display":"","ast-banner-title-visibility":"","ast-main-header-display":"","ast-hfb-above-header-display":"","ast-hfb-below-header-display":"","ast-hfb-mobile-header-display":"","site-post-title":"disabled","ast-breadcrumbs-content":"","ast-featured-img":"disabled","footer-sml-layout":"","ast-disable-related-posts":"","theme-transparent-header-meta":"","adv-header-id-meta":"","stick-header-meta":"","header-above-stick-meta":"","header-main-stick-meta":"","header-below-stick-meta":"","astra-migrate-meta-layouts":"default","ast-page-background-enabled":"default","ast-page-background-meta":{"desktop":{"background-color":"var(--ast-global-color-5)","background-image":"","background-repeat":"repeat","background-position":"center center","background-size":"auto","background-attachment":"scroll","background-type":"","background-media":"","overlay-type":"","overlay-color":"","overlay-opacity":"","overlay-gradient":""},"tablet":{"background-color":"","background-image":"","background-repeat":"repeat","background-position":"center center","background-size":"auto","background-attachment":"scroll","background-type":"","background-media":"","overlay-type":"","overlay-color":"","overlay-opacity":"","overlay-gradient":""},"mobile":{"background-color":"","background-image":"","background-repeat":"repeat","background-position":"center center","background-size":"auto","background-attachment":"scroll","background-type":"","background-media":"","overlay-type":"","overlay-color":"","overlay-opacity":"","overlay-gradient":""}},"ast-content-background-meta":{"desktop":{"background-color":"var(--ast-global-color-4)","background-image":"","background-repeat":"repeat","background-position":"center center","background-size":"auto","background-attachment":"scroll","background-type":"","background-media":"","overlay-type":"","overlay-color":"","overlay-opacity":"","overlay-gradient":""},"tablet":{"background-color":"var(--ast-global-color-4)","background-image":"","background-repeat":"repeat","background-position":"center center","background-size":"auto","background-attachment":"scroll","background-type":"","background-media":"","overlay-type":"","overlay-color":"","overlay-opacity":"","overlay-gradient":""},"mobile":{"background-color":"var(--ast-global-color-4)","background-image":"","background-repeat":"repeat","background-position":"center center","background-size":"auto","background-attachment":"scroll","background-type":"","background-media":"","overlay-type":"","overlay-color":"","overlay-opacity":"","overlay-gradient":""}},"footnotes":""},"class_list":["post-1327","page","type-page","status-publish","hentry"],"_links":{"self":[{"href":"https:\/\/bmacademy.hu\/index.php\/wp-json\/wp\/v2\/pages\/1327","targetHints":{"allow":["GET"]}}],"collection":[{"href":"https:\/\/bmacademy.hu\/index.php\/wp-json\/wp\/v2\/pages"}],"about":[{"href":"https:\/\/bmacademy.hu\/index.php\/wp-json\/wp\/v2\/types\/page"}],"author":[{"embeddable":true,"href":"https:\/\/bmacademy.hu\/index.php\/wp-json\/wp\/v2\/users\/1"}],"replies":[{"embeddable":true,"href":"https:\/\/bmacademy.hu\/index.php\/wp-json\/wp\/v2\/comments?post=1327"}],"version-history":[{"count":13,"href":"https:\/\/bmacademy.hu\/index.php\/wp-json\/wp\/v2\/pages\/1327\/revisions"}],"predecessor-version":[{"id":1453,"href":"https:\/\/bmacademy.hu\/index.php\/wp-json\/wp\/v2\/pages\/1327\/revisions\/1453"}],"wp:attachment":[{"href":"https:\/\/bmacademy.hu\/index.php\/wp-json\/wp\/v2\/media?parent=1327"}],"curies":[{"name":"wp","href":"https:\/\/api.w.org\/{rel}","templated":true}]}}