{"id":23,"date":"2026-01-14T19:04:21","date_gmt":"2026-01-14T19:04:21","guid":{"rendered":"https:\/\/bmacademy.hu\/?page_id=23"},"modified":"2026-02-22T16:50:42","modified_gmt":"2026-02-22T16:50:42","slug":"kapcsolat","status":"publish","type":"page","link":"https:\/\/bmacademy.hu\/index.php\/kapcsolat\/","title":{"rendered":"Kapcsolat"},"content":{"rendered":"\t\t<div data-elementor-type=\"wp-page\" data-elementor-id=\"23\" class=\"elementor elementor-23\">\n\t\t\t\t<div class=\"elementor-element elementor-element-73ee415 e-flex e-con-boxed elementor-invisible e-con e-parent\" data-id=\"73ee415\" data-element_type=\"container\" data-settings=\"{&quot;background_background&quot;:&quot;slideshow&quot;,&quot;background_slideshow_gallery&quot;:[{&quot;id&quot;:1104,&quot;url&quot;:&quot;https:\\\/\\\/bmacademy.hu\\\/wp-content\\\/uploads\\\/2026\\\/02\\\/Fekete-es-Feher-Modell-Szepseg-Smink-Facebook-Borito.png&quot;}],&quot;animation&quot;:&quot;fadeIn&quot;,&quot;animation_delay&quot;:100,&quot;background_slideshow_loop&quot;:&quot;yes&quot;,&quot;background_slideshow_slide_duration&quot;:5000,&quot;background_slideshow_slide_transition&quot;:&quot;fade&quot;,&quot;background_slideshow_transition_duration&quot;:500}\">\n\t\t\t\t\t<div class=\"e-con-inner\">\n\t\t\t\t<div class=\"elementor-element elementor-element-03f3412 elementor-invisible elementor-widget elementor-widget-heading\" data-id=\"03f3412\" data-element_type=\"widget\" data-settings=\"{&quot;_animation&quot;:&quot;fadeIn&quot;,&quot;_animation_delay&quot;:100}\" data-widget_type=\"heading.default\">\n\t\t\t\t\t<h2 class=\"elementor-heading-title elementor-size-default\">KAPCSOLAT<\/h2>\t\t\t\t<\/div>\n\t\t\t\t\t<\/div>\n\t\t\t\t<\/div>\n\t\t<div class=\"elementor-element elementor-element-84f63f6 e-flex e-con-boxed e-con e-parent\" data-id=\"84f63f6\" data-element_type=\"container\" data-settings=\"{&quot;background_background&quot;:&quot;classic&quot;}\">\n\t\t\t\t\t<div class=\"e-con-inner\">\n\t\t<div class=\"elementor-element elementor-element-b3a13a6 e-con-full e-flex elementor-invisible e-con e-child\" data-id=\"b3a13a6\" data-element_type=\"container\" data-settings=\"{&quot;animation&quot;:&quot;bounceIn&quot;}\">\n\t\t\t\t<div class=\"elementor-element elementor-element-cd8e59e elementor-widget elementor-widget-heading\" data-id=\"cd8e59e\" data-element_type=\"widget\" data-widget_type=\"heading.default\">\n\t\t\t\t\t<h2 class=\"elementor-heading-title elementor-size-default\">El\u00e9rhet\u0151s\u00e9geink<\/h2>\t\t\t\t<\/div>\n\t\t\t\t<div class=\"elementor-element elementor-element-eb4ede4 elementor-widget elementor-widget-text-editor\" data-id=\"eb4ede4\" data-element_type=\"widget\" data-widget_type=\"text-editor.default\">\n\t\t\t\t\t\t\t\t\t<h6><img decoding=\"async\" class=\"wp-image-428 alignleft\" src=\"https:\/\/bmacademy.hu\/wp-content\/uploads\/2026\/01\/Nevtelen-Facebook-bejegyzes-3-300x251.png\" alt=\"\" width=\"62\" height=\"52\" srcset=\"https:\/\/bmacademy.hu\/wp-content\/uploads\/2026\/01\/Nevtelen-Facebook-bejegyzes-3-300x251.png 300w, https:\/\/bmacademy.hu\/wp-content\/uploads\/2026\/01\/Nevtelen-Facebook-bejegyzes-3-768x644.png 768w, https:\/\/bmacademy.hu\/wp-content\/uploads\/2026\/01\/Nevtelen-Facebook-bejegyzes-3.png 940w\" sizes=\"(max-width: 62px) 100vw, 62px\" \/><\/h6><p><strong>Helysz\u00edn<\/strong><\/p><p>8175, Balatonf\u0171zf\u0151, Balaton k\u00f6r\u00fat 50.<\/p><h6><img decoding=\"async\" class=\"wp-image-430 alignleft\" src=\"https:\/\/bmacademy.hu\/wp-content\/uploads\/2026\/01\/Nevtelen-Facebook-bejegyzes-5-300x251.png\" alt=\"\" width=\"63\" height=\"53\" srcset=\"https:\/\/bmacademy.hu\/wp-content\/uploads\/2026\/01\/Nevtelen-Facebook-bejegyzes-5-300x251.png 300w, https:\/\/bmacademy.hu\/wp-content\/uploads\/2026\/01\/Nevtelen-Facebook-bejegyzes-5-768x644.png 768w, https:\/\/bmacademy.hu\/wp-content\/uploads\/2026\/01\/Nevtelen-Facebook-bejegyzes-5.png 940w\" sizes=\"(max-width: 63px) 100vw, 63px\" \/><\/h6><p><strong>Telefon<\/strong><\/p><p>+36 30 911 3700<\/p><h6><img decoding=\"async\" class=\"wp-image-429 alignleft\" src=\"https:\/\/bmacademy.hu\/wp-content\/uploads\/2026\/01\/Nevtelen-Facebook-bejegyzes-4-300x251.png\" alt=\"\" width=\"67\" height=\"56\" srcset=\"https:\/\/bmacademy.hu\/wp-content\/uploads\/2026\/01\/Nevtelen-Facebook-bejegyzes-4-300x251.png 300w, https:\/\/bmacademy.hu\/wp-content\/uploads\/2026\/01\/Nevtelen-Facebook-bejegyzes-4-768x644.png 768w, https:\/\/bmacademy.hu\/wp-content\/uploads\/2026\/01\/Nevtelen-Facebook-bejegyzes-4.png 940w\" sizes=\"(max-width: 67px) 100vw, 67px\" \/><\/h6><p><strong>Email<\/strong><\/p><p>hello@bmacademy.hu<\/p>\t\t\t\t\t\t\t\t<\/div>\n\t\t<div class=\"elementor-element elementor-element-0a4acc2 e-con-full e-flex elementor-invisible e-con e-child\" data-id=\"0a4acc2\" data-element_type=\"container\" data-settings=\"{&quot;animation&quot;:&quot;bounceIn&quot;}\">\n\t\t\t\t<div class=\"elementor-element elementor-element-b979619 elementor-widget elementor-widget-google_maps\" data-id=\"b979619\" data-element_type=\"widget\" data-widget_type=\"google_maps.default\">\n\t\t\t\t\t\t\t<div class=\"elementor-custom-embed\">\n\t\t\t<iframe loading=\"lazy\"\n\t\t\t\t\tsrc=\"https:\/\/maps.google.com\/maps?q=Balatonf%C5%B1zf%C5%91%2C%20Balaton%20k%C3%B6r%C3%BAt%2050.&#038;t=m&#038;z=17&#038;output=embed&#038;iwloc=near\"\n\t\t\t\t\ttitle=\"Balatonf\u0171zf\u0151, Balaton k\u00f6r\u00fat 50.\"\n\t\t\t\t\taria-label=\"Balatonf\u0171zf\u0151, Balaton k\u00f6r\u00fat 50.\"\n\t\t\t><\/iframe>\n\t\t<\/div>\n\t\t\t\t\t\t<\/div>\n\t\t\t\t<\/div>\n\t\t\t\t<\/div>\n\t\t<div class=\"elementor-element elementor-element-0b641a3 e-con-full e-flex elementor-invisible e-con e-child\" data-id=\"0b641a3\" data-element_type=\"container\" data-settings=\"{&quot;animation&quot;:&quot;bounceIn&quot;}\">\n\t\t\t\t<div class=\"elementor-element elementor-element-3635584 elementor-widget elementor-widget-shortcode\" data-id=\"3635584\" data-element_type=\"widget\" data-widget_type=\"shortcode.default\">\n\t\t\t\t\t\t\t<div class=\"elementor-shortcode\"><div class=\"forminator-ui forminator-custom-form forminator-custom-form-438 forminator-design--default  forminator_ajax\" data-forminator-render=\"0\" data-form=\"forminator-module-438\" data-uid=\"6a0874aa0b8e0\"><br\/><\/div><form\n\t\t\t\tid=\"forminator-module-438\"\n\t\t\t\tclass=\"forminator-ui forminator-custom-form forminator-custom-form-438 forminator-design--default  forminator_ajax\"\n\t\t\t\tmethod=\"post\"\n\t\t\t\tdata-forminator-render=\"0\"\n\t\t\t\tdata-form-id=\"438\"\n\t\t\t\t data-color-option=\"theme\" data-design=\"default\" data-grid=\"open\" style=\"display: none;\"\n\t\t\t\tdata-uid=\"6a0874aa0b8e0\"\n\t\t\t><div role=\"alert\" aria-live=\"polite\" class=\"forminator-response-message forminator-error\" aria-hidden=\"true\"><\/div><div class=\"forminator-row\"><div id=\"name-1\" class=\"forminator-field-name forminator-col forminator-col-12 \"><div class=\"forminator-field\"><label for=\"forminator-field-name-1_6a0874aa0b8e0\" id=\"forminator-field-name-1_6a0874aa0b8e0-label\" class=\"forminator-label\">N\u00e9v <span class=\"forminator-required\">*<\/span><\/label><input type=\"text\" name=\"name-1\" value=\"\" placeholder=\"\" id=\"forminator-field-name-1_6a0874aa0b8e0\" class=\"forminator-input forminator-name--field\" aria-required=\"true\" autocomplete=\"name\" \/><\/div><\/div><\/div><div class=\"forminator-row\"><div id=\"email-1\" class=\"forminator-field-email forminator-col forminator-col-12 \"><div class=\"forminator-field\"><label for=\"forminator-field-email-1_6a0874aa0b8e0\" id=\"forminator-field-email-1_6a0874aa0b8e0-label\" class=\"forminator-label\">Email c\u00edm <span class=\"forminator-required\">*<\/span><\/label><input type=\"email\" name=\"email-1\" value=\"\" placeholder=\"\" id=\"forminator-field-email-1_6a0874aa0b8e0\" class=\"forminator-input forminator-email--field\" data-required=\"true\" aria-required=\"true\" autocomplete=\"email\" \/><\/div><\/div><\/div><div class=\"forminator-row\"><div id=\"phone-1\" class=\"forminator-field-phone forminator-col forminator-col-12 \"><div class=\"forminator-field\"><label for=\"forminator-field-phone-1_6a0874aa0b8e0\" id=\"forminator-field-phone-1_6a0874aa0b8e0-label\" class=\"forminator-label\">Telefonsz\u00e1m <span class=\"forminator-required\">*<\/span><\/label><input type=\"text\" name=\"phone-1\" value=\"\" placeholder=\"\" id=\"forminator-field-phone-1_6a0874aa0b8e0\" class=\"forminator-input forminator-field--phone\" data-required=\"1\" aria-required=\"true\" autocomplete=\"off\" \/><\/div><\/div><\/div><div class=\"forminator-row\"><div id=\"textarea-1\" class=\"forminator-field-textarea forminator-col forminator-col-12 \"><div class=\"forminator-field\"><label for=\"forminator-field-textarea-1_6a0874aa0b8e0\" id=\"forminator-field-textarea-1_6a0874aa0b8e0-label\" class=\"forminator-label\">\u00cdrj \u00fczenetet nek\u00fcnk! <span class=\"forminator-required\">*<\/span><\/label><span id=\"forminator-field-textarea-1_6a0874aa0b8e0-description\" class=\"forminator-description\"><span data-limit=\"180\" data-type=\"characters\" data-editor=\"\">0 \/ 180<\/span><\/span><textarea name=\"textarea-1\" placeholder=\"\" id=\"forminator-field-textarea-1_6a0874aa0b8e0\" class=\"forminator-textarea\" rows=\"6\" style=\"min-height:140px;\" maxlength=\"180\" ><\/textarea><\/div><\/div><\/div><input type=\"hidden\" name=\"referer_url\" value=\"\" \/><div class=\"forminator-row forminator-row-last\"><div class=\"forminator-col\"><div class=\"forminator-field\"><button class=\"forminator-button forminator-button-submit\">K&uuml;ld&eacute;s<\/button><\/div><\/div><\/div><input type=\"hidden\" id=\"forminator_nonce\" name=\"forminator_nonce\" value=\"f992113085\" \/><input type=\"hidden\" name=\"_wp_http_referer\" value=\"\/index.php\/wp-json\/wp\/v2\/pages\/23\" \/><input type=\"hidden\" name=\"form_id\" value=\"438\"><input type=\"hidden\" name=\"page_id\" value=\"23\"><input type=\"hidden\" name=\"form_type\" value=\"default\"><input type=\"hidden\" name=\"current_url\" value=\"https:\/\/bmacademy.hu\/index.php\/kapcsolat\/\"><input type=\"hidden\" name=\"render_id\" value=\"0\"><input type=\"hidden\" name=\"action\" value=\"forminator_submit_form_custom-forms\"><\/form><\/div>\n\t\t\t\t\t\t<\/div>\n\t\t\t\t<\/div>\n\t\t\t\t\t<\/div>\n\t\t\t\t<\/div>\n\t\t\t\t<\/div>\n\t\t","protected":false},"excerpt":{"rendered":"<p>KAPCSOLAT El\u00e9rhet\u0151s\u00e9geink Helysz\u00edn 8175, Balatonf\u0171zf\u0151, Balaton k\u00f6r\u00fat 50. Telefon +36 30 911 3700 Email hello@bmacademy.hu<\/p>\n","protected":false},"author":1,"featured_media":0,"parent":0,"menu_order":0,"comment_status":"closed","ping_status":"closed","template":"","meta":{"site-sidebar-layout":"no-sidebar","site-content-layout":"","ast-site-content-layout":"full-width-container","site-content-style":"default","site-sidebar-style":"default","ast-global-header-display":"","ast-banner-title-visibility":"","ast-main-header-display":"","ast-hfb-above-header-display":"","ast-hfb-below-header-display":"","ast-hfb-mobile-header-display":"","site-post-title":"disabled","ast-breadcrumbs-content":"","ast-featured-img":"disabled","footer-sml-layout":"","ast-disable-related-posts":"","theme-transparent-header-meta":"","adv-header-id-meta":"","stick-header-meta":"","header-above-stick-meta":"","header-main-stick-meta":"","header-below-stick-meta":"","astra-migrate-meta-layouts":"default","ast-page-background-enabled":"default","ast-page-background-meta":{"desktop":{"background-color":"var(--ast-global-color-5)","background-image":"","background-repeat":"repeat","background-position":"center center","background-size":"auto","background-attachment":"scroll","background-type":"","background-media":"","overlay-type":"","overlay-color":"","overlay-opacity":"","overlay-gradient":""},"tablet":{"background-color":"","background-image":"","background-repeat":"repeat","background-position":"center center","background-size":"auto","background-attachment":"scroll","background-type":"","background-media":"","overlay-type":"","overlay-color":"","overlay-opacity":"","overlay-gradient":""},"mobile":{"background-color":"","background-image":"","background-repeat":"repeat","background-position":"center center","background-size":"auto","background-attachment":"scroll","background-type":"","background-media":"","overlay-type":"","overlay-color":"","overlay-opacity":"","overlay-gradient":""}},"ast-content-background-meta":{"desktop":{"background-color":"var(--ast-global-color-4)","background-image":"","background-repeat":"repeat","background-position":"center center","background-size":"auto","background-attachment":"scroll","background-type":"","background-media":"","overlay-type":"","overlay-color":"","overlay-opacity":"","overlay-gradient":""},"tablet":{"background-color":"var(--ast-global-color-4)","background-image":"","background-repeat":"repeat","background-position":"center center","background-size":"auto","background-attachment":"scroll","background-type":"","background-media":"","overlay-type":"","overlay-color":"","overlay-opacity":"","overlay-gradient":""},"mobile":{"background-color":"var(--ast-global-color-4)","background-image":"","background-repeat":"repeat","background-position":"center center","background-size":"auto","background-attachment":"scroll","background-type":"","background-media":"","overlay-type":"","overlay-color":"","overlay-opacity":"","overlay-gradient":""}},"footnotes":""},"class_list":["post-23","page","type-page","status-publish","hentry"],"_links":{"self":[{"href":"https:\/\/bmacademy.hu\/index.php\/wp-json\/wp\/v2\/pages\/23","targetHints":{"allow":["GET"]}}],"collection":[{"href":"https:\/\/bmacademy.hu\/index.php\/wp-json\/wp\/v2\/pages"}],"about":[{"href":"https:\/\/bmacademy.hu\/index.php\/wp-json\/wp\/v2\/types\/page"}],"author":[{"embeddable":true,"href":"https:\/\/bmacademy.hu\/index.php\/wp-json\/wp\/v2\/users\/1"}],"replies":[{"embeddable":true,"href":"https:\/\/bmacademy.hu\/index.php\/wp-json\/wp\/v2\/comments?post=23"}],"version-history":[{"count":58,"href":"https:\/\/bmacademy.hu\/index.php\/wp-json\/wp\/v2\/pages\/23\/revisions"}],"predecessor-version":[{"id":1429,"href":"https:\/\/bmacademy.hu\/index.php\/wp-json\/wp\/v2\/pages\/23\/revisions\/1429"}],"wp:attachment":[{"href":"https:\/\/bmacademy.hu\/index.php\/wp-json\/wp\/v2\/media?parent=23"}],"curies":[{"name":"wp","href":"https:\/\/api.w.org\/{rel}","templated":true}]}}